 (-6 - -6) - 8. Let c = 648 - 108. What is the greatest common divisor of c and l?
20
Let f(l) = -l + 22. Let o be f(15). Let w = -36 + 106. Suppose 26*i = 31*i - w. What is the greatest common divisor of o and i?
7
Let l(j) = -8*j**2 - 62*j - 16. Let v be l(-7). Calculate the greatest common factor of 338 and v.
26
Let g = 24406 + -22162. What is the highest common factor of 660 and g?
132
Let b(k) = -5*k**3 - 5*k**2 + 68*k + 180. Let i be b(-5). Calculate the greatest common factor of i and 45.
5
Let r(f) = f**2 - 313. Let k be r(20). What is the highest common divisor of 3741 and k?
87
Let a be ((-130)/(-6) - 2)*9. Suppose -84*r + 565 + 4965 + 14294 = 0. What is the greatest common factor of a and r?
59
Suppose -3*s = -7*s. Suppose 0 = 3*f - 2*u - 128, 0*f - 4*f + 168 = -2*u. Suppose k - f = -s*k. What is the highest common factor of k and 16?
8
Let u(o) = 2*o**3 + 3*o**2 + 14*o - 84. Let s be u(4). Calculate the highest common divisor of 592 and s.
148
Suppose -5*a = -0*m + 5*m + 20, -2*a - 3*m - 10 = 0. Let l be (-3 - a/1) + 1*113. Suppose -46*b + 42*b = -l. Calculate the greatest common divisor of b and 28.
28
Let v = 1 + 707. What is the highest common factor of 216 and v?
12
Let h(w) = w**3 + 14*w**2 - 49*w - 8. Let s be h(-16). Suppose 0 = -4*t - 20 + 96. Let u be t - -1*12/4. What is the highest common divisor of s and u?
22
Let g be 3*172/(-24)*6/(-1). Suppose 8*u + 1 = g. Let r = 29 + 51. What is the greatest common factor of u and r?
16
Suppose 14*t - 12179 = 15582 + 9157. What is the highest common divisor of t and 27?
9
Suppose 0*q + 96 = q. Suppose 12*z = -6*y + 9*z + 1353, 0 = -y + 5*z + 209. What is the highest common divisor of q and y?
32
Suppose -495 = -4*y + 161. Suppose y = -3*c + 623. What is the greatest common divisor of 255 and c?
51
Suppose 4*l - l - 3*d = 117, l - 5*d = 59. Calculate the greatest common factor of l and 731.
17
Let k be (0 + -1476)*-6*-14*(-2)/63. Calculate the highest common factor of 864 and k.
96
Suppose -63*z = -65*z + 70. Suppose -6*x + 28 = -812. Calculate the highest common factor of z and x.
35
Let u(m) = -m**3 + 28*m**2 + 46*m + 462. Let s be u(30). Calculate the highest common factor of s and 18970.
14
Let z = -34 - -39. Suppose 0 = -z*i + 86 + 314. Suppose 15 = 2*j - 5*o, 5*o + 35 = 4*j - 0. What is the greatest common factor of j and i?
10
Let z = -6508 - -8364. What is the greatest common divisor of 116 and z?
116
Let i be 42 + -34 + (-240)/(-12). What is the greatest common factor of 707 and i?
7
Suppose 17 + 40 = 3*q. Let v = 270 - 431. Let s = -85 - v. What is the greatest common factor of s and q?
19
Suppose 271*j - 261*j - 544 = 1436. Calculate the highest common divisor of 77 and j.
11
Let m be ((-1349808)/1037)/(-24) - (-4)/(-17). Suppose 0*z = -2*z + 4. What is the highest common factor of m and z?
2
Let s = -97 + 102. Suppose 0 = 3*t - 9, -3*t + 235 = s*r - 334. What is the greatest common divisor of 16 and r?
16
Let j(g) = -2*g - 169. Let c be j(0). Let x = c + 281. Let w(r) = r**3 + 18*r**2 - 40*r - 119. Let t be w(-19). What is the greatest common divisor of x and t?
56
Let i(k) = -4*k**2 - 22*k - 10. Let t(q) = q**3 + 12*q**2 + 35*q + 20. Let a be t(-8). Let o be i(a). What is the greatest common factor of 70 and o?
14
Suppose -4*a = 2*w - 1776, 0*w = 2*a + 3*w - 880. Suppose -12*u + 610 = -a. Calculate the greatest common divisor of 8 and u.
8
Let d(r) = -3*r**3 + 7*r**2 + 22*r - 3. Let s be d(-6). Suppose -4*x - 3*m + 0*m = -s, x = -3*m + 180. Calculate the highest common divisor of 30 and x.
15
Let z(p) = 3*p - 10. Let u be z(7). Let r = -1002 - -1003. What is the highest common factor of r and u?
1
Let c be (-155)/(-15) - 6/(-9). Let x = 84 + -42. Let l = 35 + x. Calculate the highest common factor of l and c.
11
Suppose 5*a = 4*y - 33, -5*a + 30 = 6*y - y. Let s(u) = 3*u**2 - 7*u - 24. Let m be s(y). Let d = 90 - m. What is the greatest common divisor of d and 24?
8
Let w = 451 + -447. Let v(j) = 5*j**2 + 7*j. Let q be v(w). What is the highest common divisor of 54 and q?
54
Let d = 985 - -2963. Calculate the highest common factor of d and 47.
47
Let g = 269 + -141. Let k be (-4 - 2 - (-45 + 2)) + -5. Calculate the greatest common divisor of g and k.
32
Suppose 2071 = 27*i - 21041. What is the greatest common factor of i and 4815?
107
Let z be 65 - 9 - (-12)/(5 + -8). What is the greatest common divisor of z and 598?
26
Suppose -3*q - 9 = 0, -4*v + q + 9 = 2*q. Suppose j - v*j + 5*w + 48 = 0, 0 = -4*w. Let p = 24050 - 24014. What is the highest common divisor of j and p?
12
Let m be 6/10 + ((-7132)/20 - 4). Let z = -252 - m. Let l be (-1)/((2/(-24))/1). What is the highest common factor of l and z?
12
Suppose j = -14*j - 3195. Let p = -188 - j. Calculate the greatest common factor of p and 85.
5
Suppose -n + 34 = -9. What is the highest common divisor of n and 1161?
43
Let q(d) = 5*d - 85. Suppose -4*k + 48 = 2*x, x + 1 - 22 = -5*k. Let m be q(x). What is the greatest common divisor of m and 120?
15
Let o be ((-1)/3)/((-482)/96 + 5). Suppose -o*j = -22*j - 18. Let x be (-10)/(-3) + -3 + (-44)/j. Calculate the highest common factor of 3 and x.
3
Suppose -6*y + 81 = -3*y. Suppose -28*t + 2563 - 295 = 0. What is the greatest common factor of t and y?
27
Let t(i) = -i**3 - 17*i**2 - 19*i. Suppose j - 75 = 5*l, 4*j + 0 = -20. Let y be t(l). What is the highest common divisor of y and 228?
12
Suppose 0 = 293*w - 285*w - 80. Suppose -w*x + 1990 = -2360. Calculate the highest common divisor of 87 and x.
87
Let k = 1500 - 1444. Let r(a) = -14*a**3 - a**2 - a. Let l be r(-1). Calculate the highest common factor of k and l.
14
Let w(j) = -j**3 - 2*j**2 - 6*j + 2576. Let t be w(0). What is the highest common factor of t and 98?
14
Suppose 3*y - 43 - 11 = 0. Let o be (-364)/(-18) - 4/y. Let z = 321 + -301. Calculate the highest common divisor of z and o.
20
Let s = 190 - 181. Suppose -936 = -9*v + v. What is the highest common factor of v and s?
9
Let x be 6/1*65/26. Let k be (-128 + 0)*x/(-6). Calculate the greatest common factor of 20 and k.
20
Let u = 8 - 3. Let k = -12168 + 12929. Suppose 0 = -u*d + 5, 0*v + 5*v = -d + k. Calculate the highest common factor of 19 and v.
19
Let a = 77 - 60. Suppose -14*d + a = 3. Calculate the highest common factor of d and 3.
1
Suppose -9*t = -24*t + 735. Suppose z + y - 97 = t, 0 = -3*z - 5*y + 436. What is the greatest common divisor of 196 and z?
49
Suppose 18*w - 32 = 184. Suppose w*c + 495 = 17*c. Calculate the greatest common divisor of c and 1188.
99
Let i be 5181/(-6)*60/(-10) - 1. What is the greatest common factor of i and 37?
37
Suppose 0 = -x - x + 14. Let i(u) = u**2 - 7*u + 22. Let a be i(x). Suppose 19 = r + 2*s, 5*s - a = r - 6. Calculate the highest common factor of 63 and r.
9
Let g = -127 - -131. Suppose -1020 = -4*k - 4*c - c, -4*k - g*c = -1020. Suppose -24*b + k = -21*b. Calculate the highest common factor of 17 and b.
17
Let d be 36/15*1155/308. Calculate the greatest common divisor of 1737 and d.
9
Suppose 1160*h = 1159*h + 135. Let p be (-162)/h*990/(-4). Calculate the highest common factor of p and 33.
33
Suppose 4*l = -45 - 11. Let y be (-16 - l)*(-3)/2. Suppose -35 = -2*t - y*t. Calculate the greatest common factor of t and 7.
7
Let z be 1*9*-2*-4. Let j = 23396 + -23378. What is the greatest common divisor of j and z?
18
Suppose -c + 7171 = 3*x, 4 = 49*x - 50*x. What is the greatest common divisor of c and 11?
11
Let i be (-2)/(-11) - (-86)/11. Suppose -6*s + 87 = -249. Suppose 0 = n + n + i, -3*n = f - s. Calculate the highest common factor of f and 17.
17
Let m(u) = -55*u + 17. Let j(o) = 222*o - 69. Let z(s) = -2*j(s) - 9*m(s). Let g be z(1). What is the greatest common factor of g and 156?
12
Suppose 2*h - 1 = 53. Let q be (0 - h)*(0/6 + -11). Calculate the greatest common factor of 54 and q.
27
Suppose 57*g + 5*k + 572 = 61*g, 3*g + 3*k = 429. Calculate the highest common divisor of 9 and g.
1
Suppose 42233 = -15*b + 57788. What is the highest common divisor of 1952 and b?
61
Suppose -5*i + 5*m - 350 = 3*m, m = 5. Let q = i - -134. What is the greatest common divisor of q and 726?
66
Suppose -8*j = -637 - 859. Suppose -3*w + 0*f = -3*f - 141, 0 = 4*w - 5*f - j. Calculate the greatest common factor of 240 a